{"id":281,"date":"2026-03-02T10:03:35","date_gmt":"2026-03-02T09:03:35","guid":{"rendered":"https:\/\/maisonmix.fr\/?page_id=281"},"modified":"2026-03-05T13:07:39","modified_gmt":"2026-03-05T12:07:39","slug":"explorer-lautoconsommation-de-lenergie-photovoltaique","status":"publish","type":"page","link":"https:\/\/maisonmix.fr\/?page_id=281","title":{"rendered":"Explorer l\u2019autoconsommation de l&rsquo;\u00e9nergie photovolta\u00efque"},"content":{"rendered":"<div class=\"wp-block-image\">\n<figure class=\"aligncenter size-large is-resized\"><img loading=\"lazy\" decoding=\"async\" width=\"1024\" height=\"1024\" src=\"https:\/\/maisonmix.fr\/wp-content\/uploads\/2026\/03\/delestage-1024x1024.png\" alt=\"\" class=\"wp-image-267\" style=\"width:270px;height:auto\" srcset=\"https:\/\/maisonmix.fr\/wp-content\/uploads\/2026\/03\/delestage-1024x1024.png 1024w, https:\/\/maisonmix.fr\/wp-content\/uploads\/2026\/03\/delestage-300x300.png 300w, https:\/\/maisonmix.fr\/wp-content\/uploads\/2026\/03\/delestage-150x150.png 150w, https:\/\/maisonmix.fr\/wp-content\/uploads\/2026\/03\/delestage-768x767.png 768w, https:\/\/maisonmix.fr\/wp-content\/uploads\/2026\/03\/delestage-600x600.png 600w, https:\/\/maisonmix.fr\/wp-content\/uploads\/2026\/03\/delestage.png 1032w\" sizes=\"auto, (max-width: 1024px) 100vw, 1024px\" \/><\/figure>\n<\/div>\n\n\n<p class=\"has-white-color has-text-color has-link-color has-medium-font-size wp-elements-df4188c09ce964d8adefe043426025e9\">Chercher comment mieux utiliser l\u2019\u00e9lectricit\u00e9 produite chez soi<br>Comprendre quand consommer et comment \u00e9viter le gaspillage<br>Tester des solutions simples et accessibles<\/p>\n\n\n\n<p class=\"has-white-color has-text-color has-link-color has-medium-font-size wp-elements-af303fb0f78839f15899cdbbf906d04c\">Atelier encadr\u00e9 par Baptiste Gaultier, ing\u00e9nieur \u00e0 l&rsquo;IMT Atlantique et skateur<\/p>\n\n\n\n<p class=\"has-white-color has-text-color has-link-color has-medium-font-size wp-elements-99ad5c2658fb9ce68c7c3be841506876\">Sources : <\/p>\n\n\n\n<p class=\"has-white-color has-text-color has-link-color has-medium-font-size wp-elements-8891745e04dde6874c34c384e4360726\"><a href=\"https:\/\/baptistegaultier.fr\" target=\"_blank\" rel=\"noreferrer noopener\">site Baptiste Gaultier<\/a>    <\/p>\n\n\n\n<p class=\"has-white-color has-text-color has-link-color has-medium-font-size wp-elements-7a22cfc9bf991469fa8dc7f8bc43b7c3\"><a href=\"https:\/\/mk2pvrouter.com\/\" target=\"_blank\" rel=\"noreferrer noopener\">MK2 PV Router<\/a><\/p>\n\n\n\n<p class=\"has-white-color has-text-color has-link-color has-medium-font-size wp-elements-341d9c8a4036b0a4f19ca85a1e6bed26\"><a href=\"https:\/\/wikifab.org\/wiki\/Suivi_de_consommation_%C3%A9lectrique_avec_la_Galaxia\" target=\"_blank\" rel=\"noreferrer noopener\">Wikifab : Suivi de consommation \u00e9lectrique avec la Galaxia<\/a><\/p>\n\n\n\n<p><\/p>\n","protected":false},"excerpt":{"rendered":"<p>Chercher comment mieux utiliser l\u2019\u00e9lectricit\u00e9 produite chez soiComprendre quand consommer et comment \u00e9viter le gaspillageTester des solutions simples et accessibles Atelier encadr\u00e9 par Baptiste Gaultier, ing\u00e9nieur \u00e0 l&rsquo;IMT Atlantique et skateur Sources : site Baptiste Gaultier MK2 PV Router Wikifab : Suivi de consommation \u00e9lectrique avec la Galaxia<\/p>\n","protected":false},"author":2,"featured_media":0,"parent":0,"menu_order":0,"comment_status":"closed","ping_status":"closed","template":"","meta":{"ocean_post_layout":"","ocean_both_sidebars_style":"","ocean_both_sidebars_content_width":0,"ocean_both_sidebars_sidebars_width":0,"ocean_sidebar":"","ocean_second_sidebar":"","ocean_disable_margins":"enable","ocean_add_body_class":"","ocean_shortcode_before_top_bar":"","ocean_shortcode_after_top_bar":"","ocean_shortcode_before_header":"","ocean_shortcode_after_header":"","ocean_has_shortcode":"","ocean_shortcode_after_title":"","ocean_shortcode_before_footer_widgets":"","ocean_shortcode_after_footer_widgets":"","ocean_shortcode_before_footer_bottom":"","ocean_shortcode_after_footer_bottom":"","ocean_display_top_bar":"default","ocean_display_header":"default","ocean_header_style":"","ocean_center_header_left_menu":"","ocean_custom_header_template":"","ocean_custom_logo":0,"ocean_custom_retina_logo":0,"ocean_custom_logo_max_width":0,"ocean_custom_logo_tablet_max_width":0,"ocean_custom_logo_mobile_max_width":0,"ocean_custom_logo_max_height":0,"ocean_custom_logo_tablet_max_height":0,"ocean_custom_logo_mobile_max_height":0,"ocean_header_custom_menu":"","ocean_menu_typo_font_family":"","ocean_menu_typo_font_subset":"","ocean_menu_typo_font_size":0,"ocean_menu_typo_font_size_tablet":0,"ocean_menu_typo_font_size_mobile":0,"ocean_menu_typo_font_size_unit":"px","ocean_menu_typo_font_weight":"","ocean_menu_typo_font_weight_tablet":"","ocean_menu_typo_font_weight_mobile":"","ocean_menu_typo_transform":"","ocean_menu_typo_transform_tablet":"","ocean_menu_typo_transform_mobile":"","ocean_menu_typo_line_height":0,"ocean_menu_typo_line_height_tablet":0,"ocean_menu_typo_line_height_mobile":0,"ocean_menu_typo_line_height_unit":"","ocean_menu_typo_spacing":0,"ocean_menu_typo_spacing_tablet":0,"ocean_menu_typo_spacing_mobile":0,"ocean_menu_typo_spacing_unit":"","ocean_menu_link_color":"","ocean_menu_link_color_hover":"","ocean_menu_link_color_active":"","ocean_menu_link_background":"","ocean_menu_link_hover_background":"","ocean_menu_link_active_background":"","ocean_menu_social_links_bg":"","ocean_menu_social_hover_links_bg":"","ocean_menu_social_links_color":"","ocean_menu_social_hover_links_color":"","ocean_disable_title":"default","ocean_disable_heading":"default","ocean_post_title":"","ocean_post_subheading":"","ocean_post_title_style":"","ocean_post_title_background_color":"","ocean_post_title_background":0,"ocean_post_title_bg_image_position":"","ocean_post_title_bg_image_attachment":"","ocean_post_title_bg_image_repeat":"","ocean_post_title_bg_image_size":"","ocean_post_title_height":0,"ocean_post_title_bg_overlay":0.5,"ocean_post_title_bg_overlay_color":"","ocean_disable_breadcrumbs":"default","ocean_breadcrumbs_color":"","ocean_breadcrumbs_separator_color":"","ocean_breadcrumbs_links_color":"","ocean_breadcrumbs_links_hover_color":"","ocean_display_footer_widgets":"default","ocean_display_footer_bottom":"default","ocean_custom_footer_template":"","footnotes":""},"class_list":["post-281","page","type-page","status-publish","hentry","entry"],"_links":{"self":[{"href":"https:\/\/maisonmix.fr\/index.php?rest_route=\/wp\/v2\/pages\/281","targetHints":{"allow":["GET"]}}],"collection":[{"href":"https:\/\/maisonmix.fr\/index.php?rest_route=\/wp\/v2\/pages"}],"about":[{"href":"https:\/\/maisonmix.fr\/index.php?rest_route=\/wp\/v2\/types\/page"}],"author":[{"embeddable":true,"href":"https:\/\/maisonmix.fr\/index.php?rest_route=\/wp\/v2\/users\/2"}],"replies":[{"embeddable":true,"href":"https:\/\/maisonmix.fr\/index.php?rest_route=%2Fwp%2Fv2%2Fcomments&post=281"}],"version-history":[{"count":7,"href":"https:\/\/maisonmix.fr\/index.php?rest_route=\/wp\/v2\/pages\/281\/revisions"}],"predecessor-version":[{"id":360,"href":"https:\/\/maisonmix.fr\/index.php?rest_route=\/wp\/v2\/pages\/281\/revisions\/360"}],"wp:attachment":[{"href":"https:\/\/maisonmix.fr\/index.php?rest_route=%2Fwp%2Fv2%2Fmedia&parent=281"}],"curies":[{"name":"wp","href":"https:\/\/api.w.org\/{rel}","templated":true}]}}