{"id":101,"date":"2026-02-17T15:31:35","date_gmt":"2026-02-17T14:31:35","guid":{"rendered":"https:\/\/maisonmix.fr\/?page_id=101"},"modified":"2026-03-02T10:42:40","modified_gmt":"2026-03-02T09:42:40","slug":"concept","status":"publish","type":"page","link":"https:\/\/maisonmix.fr\/?page_id=101","title":{"rendered":"Concept"},"content":{"rendered":"\n<h1 class=\"wp-block-heading has-white-color has-text-color has-link-color has-medium-font-size wp-elements-5035d182b4719a35ea605d2ff06a32d2\"><strong>Qu\u2019est-ce que MaisonMix ?<\/strong><\/h1>\n\n\n\n<p class=\"has-white-color has-text-color has-link-color has-medium-font-size wp-elements-7646e0d0ae23c9c6dfaf137d228216bd\">MaisonMix est un marathon cr\u00e9atif d\u00e9di\u00e9 \u00e0 l\u2019habitat durable gratuit et ouvert \u00e0 tout.e.s. Pendant deux jours, les participants \u00e9changent et r\u00e9fl\u00e9chissent ensemble sur des probl\u00e9matiques concr\u00e8tes. Il n\u2019y a pas de comp\u00e9tition : aucune \u00e9quipe ne gagne \u00e0 la fin.<\/p>\n\n\n\n<p class=\"has-white-color has-text-color has-link-color has-medium-font-size wp-elements-d63006fc4ad21986e1b91a2da5ab24d3\">Chaque atelier est encadr\u00e9 par un expert pour faciliter la mis en en \u0153uvre pendant ces deux jours. <br>\/\/ Partir d&rsquo;une hypoth\u00e8se ou d&rsquo;un prototype existant<br>\/\/ Exp\u00e9rimenter \u00e0 \u00e9chelle r\u00e9elle<br>\/\/ Tester en situation<br>\/\/ Documenter ce qui a \u00e9t\u00e9 fait<\/p>\n\n\n\n<p class=\"has-white-color has-text-color has-link-color has-medium-font-size wp-elements-e6a01b86ea2798793ecf50595bfcc438\">L\u2019objectif est de produire des solutions simples, ouvertes et r\u00e9utilisables ailleurs. Vous serez encadr\u00e9 par un expert tout au long des deux jours. Le mat\u00e9riel et les repas sont pris en charge par l&rsquo;IMT.<\/p>\n\n\n\n<figure class=\"wp-block-embed is-type-video is-provider-youtube wp-block-embed-youtube wp-embed-aspect-16-9 wp-has-aspect-ratio\"><div class=\"wp-block-embed__wrapper\">\n<p class=\"responsive-video-wrap clr\"><iframe loading=\"lazy\" title=\"V\u00e9lomix \u00e9dition 2024\" width=\"1200\" height=\"675\" src=\"https:\/\/www.youtube.com\/embed\/0o8KyURIH_E?feature=oembed\" frameborder=\"0\" allow=\"accelerometer; autoplay; clipboard-write; encrypted-media; gyroscope; picture-in-picture; web-share\" referrerpolicy=\"strict-origin-when-cross-origin\" allowfullscreen><\/iframe><\/p>\n<\/div><\/figure>\n\n\n\n<div style=\"height:49px\" aria-hidden=\"true\" class=\"wp-block-spacer\"><\/div>\n\n\n\n<figure class=\"wp-block-image size-large\"><img loading=\"lazy\" decoding=\"async\" width=\"1024\" height=\"320\" src=\"https:\/\/maisonmix.fr\/wp-content\/uploads\/2026\/02\/bandeau-1024x320.jpg\" alt=\"\" class=\"wp-image-229\" srcset=\"https:\/\/maisonmix.fr\/wp-content\/uploads\/2026\/02\/bandeau-1024x320.jpg 1024w, https:\/\/maisonmix.fr\/wp-content\/uploads\/2026\/02\/bandeau-300x94.jpg 300w, https:\/\/maisonmix.fr\/wp-content\/uploads\/2026\/02\/bandeau-768x240.jpg 768w, https:\/\/maisonmix.fr\/wp-content\/uploads\/2026\/02\/bandeau-1536x480.jpg 1536w, https:\/\/maisonmix.fr\/wp-content\/uploads\/2026\/02\/bandeau.jpg 1920w\" sizes=\"auto, (max-width: 1024px) 100vw, 1024px\" \/><\/figure>\n\n\n\n<h1 class=\"wp-block-heading has-white-color has-text-color has-link-color has-medium-font-size wp-elements-dbdfb2afe015220f97d98ce6d6ff0192\"><\/h1>\n\n\n\n<div class=\"wp-block-buttons alignwide is-content-justification-center is-layout-flex wp-container-core-buttons-is-layout-16018d1d wp-block-buttons-is-layout-flex\">\n<div class=\"wp-block-button is-style-outline is-style-outline--1\"><a class=\"wp-block-button__link has-white-color has-text-color has-background has-link-color has-medium-font-size has-custom-font-size wp-element-button\" href=\"https:\/\/maisonmix.fr\/?page_id=100\" style=\"border-top-left-radius:53px;border-top-right-radius:53px;border-bottom-left-radius:53px;border-bottom-right-radius:53px;background-color:#101e01\">INSCRIPTION<\/a><\/div>\n\n\n\n<div class=\"wp-block-button is-style-outline is-style-outline--2\"><a class=\"wp-block-button__link has-white-color has-text-color has-background has-link-color has-medium-font-size has-custom-font-size wp-element-button\" href=\"https:\/\/maisonmix.fr\/?page_id=102\" style=\"border-top-left-radius:53px;border-top-right-radius:53px;border-bottom-left-radius:53px;border-bottom-right-radius:53px;background-color:#101e01\">ATELIERS<\/a><\/div>\n<\/div>\n\n\n\n<p class=\"has-white-color has-text-color has-link-color has-medium-font-size wp-elements-dc1b18b0da8f6d7daa5d37b79a36dc01\"><\/p>\n\n\n\n<p><\/p>\n","protected":false},"excerpt":{"rendered":"<p>Qu\u2019est-ce que MaisonMix ? MaisonMix est un marathon cr\u00e9atif d\u00e9di\u00e9 \u00e0 l\u2019habitat durable gratuit et ouvert \u00e0 tout.e.s. Pendant deux jours, les participants \u00e9changent et r\u00e9fl\u00e9chissent ensemble sur des probl\u00e9matiques concr\u00e8tes. Il n\u2019y a pas de comp\u00e9tition : aucune \u00e9quipe ne gagne \u00e0 la fin. Chaque atelier est encadr\u00e9 par un expert pour faciliter la [&hellip;]<\/p>\n","protected":false},"author":2,"featured_media":0,"parent":0,"menu_order":0,"comment_status":"closed","ping_status":"closed","template":"","meta":{"ocean_post_layout":"","ocean_both_sidebars_style":"","ocean_both_sidebars_content_width":0,"ocean_both_sidebars_sidebars_width":0,"ocean_sidebar":"","ocean_second_sidebar":"","ocean_disable_margins":"enable","ocean_add_body_class":"","ocean_shortcode_before_top_bar":"","ocean_shortcode_after_top_bar":"","ocean_shortcode_before_header":"","ocean_shortcode_after_header":"","ocean_has_shortcode":"","ocean_shortcode_after_title":"","ocean_shortcode_before_footer_widgets":"","ocean_shortcode_after_footer_widgets":"","ocean_shortcode_before_footer_bottom":"","ocean_shortcode_after_footer_bottom":"","ocean_display_top_bar":"default","ocean_display_header":"default","ocean_header_style":"","ocean_center_header_left_menu":"","ocean_custom_header_template":"","ocean_custom_logo":0,"ocean_custom_retina_logo":0,"ocean_custom_logo_max_width":0,"ocean_custom_logo_tablet_max_width":0,"ocean_custom_logo_mobile_max_width":0,"ocean_custom_logo_max_height":0,"ocean_custom_logo_tablet_max_height":0,"ocean_custom_logo_mobile_max_height":0,"ocean_header_custom_menu":"","ocean_menu_typo_font_family":"","ocean_menu_typo_font_subset":"","ocean_menu_typo_font_size":0,"ocean_menu_typo_font_size_tablet":0,"ocean_menu_typo_font_size_mobile":0,"ocean_menu_typo_font_size_unit":"px","ocean_menu_typo_font_weight":"","ocean_menu_typo_font_weight_tablet":"","ocean_menu_typo_font_weight_mobile":"","ocean_menu_typo_transform":"","ocean_menu_typo_transform_tablet":"","ocean_menu_typo_transform_mobile":"","ocean_menu_typo_line_height":0,"ocean_menu_typo_line_height_tablet":0,"ocean_menu_typo_line_height_mobile":0,"ocean_menu_typo_line_height_unit":"","ocean_menu_typo_spacing":0,"ocean_menu_typo_spacing_tablet":0,"ocean_menu_typo_spacing_mobile":0,"ocean_menu_typo_spacing_unit":"","ocean_menu_link_color":"","ocean_menu_link_color_hover":"","ocean_menu_link_color_active":"","ocean_menu_link_background":"","ocean_menu_link_hover_background":"","ocean_menu_link_active_background":"","ocean_menu_social_links_bg":"","ocean_menu_social_hover_links_bg":"","ocean_menu_social_links_color":"","ocean_menu_social_hover_links_color":"","ocean_disable_title":"default","ocean_disable_heading":"default","ocean_post_title":"","ocean_post_subheading":"","ocean_post_title_style":"","ocean_post_title_background_color":"","ocean_post_title_background":0,"ocean_post_title_bg_image_position":"","ocean_post_title_bg_image_attachment":"","ocean_post_title_bg_image_repeat":"","ocean_post_title_bg_image_size":"","ocean_post_title_height":0,"ocean_post_title_bg_overlay":0.5,"ocean_post_title_bg_overlay_color":"","ocean_disable_breadcrumbs":"default","ocean_breadcrumbs_color":"","ocean_breadcrumbs_separator_color":"","ocean_breadcrumbs_links_color":"","ocean_breadcrumbs_links_hover_color":"","ocean_display_footer_widgets":"default","ocean_display_footer_bottom":"default","ocean_custom_footer_template":"","footnotes":""},"class_list":["post-101","page","type-page","status-publish","hentry","entry"],"_links":{"self":[{"href":"https:\/\/maisonmix.fr\/index.php?rest_route=\/wp\/v2\/pages\/101","targetHints":{"allow":["GET"]}}],"collection":[{"href":"https:\/\/maisonmix.fr\/index.php?rest_route=\/wp\/v2\/pages"}],"about":[{"href":"https:\/\/maisonmix.fr\/index.php?rest_route=\/wp\/v2\/types\/page"}],"author":[{"embeddable":true,"href":"https:\/\/maisonmix.fr\/index.php?rest_route=\/wp\/v2\/users\/2"}],"replies":[{"embeddable":true,"href":"https:\/\/maisonmix.fr\/index.php?rest_route=%2Fwp%2Fv2%2Fcomments&post=101"}],"version-history":[{"count":21,"href":"https:\/\/maisonmix.fr\/index.php?rest_route=\/wp\/v2\/pages\/101\/revisions"}],"predecessor-version":[{"id":313,"href":"https:\/\/maisonmix.fr\/index.php?rest_route=\/wp\/v2\/pages\/101\/revisions\/313"}],"wp:attachment":[{"href":"https:\/\/maisonmix.fr\/index.php?rest_route=%2Fwp%2Fv2%2Fmedia&parent=101"}],"curies":[{"name":"wp","href":"https:\/\/api.w.org\/{rel}","templated":true}]}}